58 - 32. Suppose 5*j + 1 = 36. What is the remainder when n is divided by j?
5
Let g = -6 - -101. What is the remainder when g is divided by 12?
11
Suppose 5*o = 15, 44 = 2*l - 7*o + 11*o. Suppose 4*n = -12, -s + 54 = n - 4*n. Calculate the remainder when s is divided by l.
13
Suppose -48 = -5*u - u. Let o be 2/7 + (-40)/(-7). Suppose 0 = -4*q + o*q + w - 12, 2*w - 4 = 0. What is the remainder when u is divided by q?
3
Suppose 23 = 6*h - 43. Calculate the remainder when h is divided by 6.
5
Let f = -2 - -4. Calculate the remainder when 2 is divided by f.
0
Let g(c) = c**2 + 6*c + 5. Let i be g(-6). Suppose i*f = -p - 11, -3*p - 2*f + 6 = -0*f. What is the remainder when 14 is divided by p?
2
Suppose 0*x - 6*x = -12. What is the remainder when x is divided by 1?
0
Let d = -51 + 75. Suppose -3*x - 2*x + 165 = 0. Suppose 4*g - 22 = -2*o, 5*o - x - 37 = 5*g. Calculate the remainder when d is divided by o.
11
Let x(n) = -4*n**3 - n**2. What is the remainder when x(-2) is divided by 10?
8
Let b(q) = 5*q - 3. What is the remainder when b(6) is divided by 8?
3
Let j(s) = 2*s**3 - 4*s**2 + 2*s + 2. Let m be j(2). Suppose 5*c = -3*v + 252, -3*c + m*c - v = 140. What is the remainder when c is divided by 17?
14
Suppose 0 = -m - 2*p - 14, -p + 2 + 0 = -m. Let b = -1 - m. What is the remainder when 8 is divided by b?
3
Let q(i) be the second derivative of -i**4/12 + i**3 + i**2 + i. Suppose -4*x = 2 - 18. Calculate the remainder when x is divided by q(6).
0
Suppose 7*q - 185 = 18. What is the remainder when 78 is divided by q?
20
Let m = 31 + -15. Suppose m = 5*w - 29. What is the remainder when w is divided by 5?
4
Suppose 5*d = 3*q + 110, 1 = 3*q - 14. Let a(u) = u**3 + 2*u**2 - u - 2. Let v be a(2). Let r = 25 - v. Calculate the remainder when d is divided by r.
12
Let o = -1 - -5. Suppose -4*y + 3*v = -2*v - 106, -86 = -o*y - 5*v. What is the remainder when 47 is divided by y?
23
Suppose -3*m + 126 = -12. Let h(i) = 85*i**2 + i. Let r be h(-1). Suppose -r = -4*a + 4*o, 4*a + o - 76 + 17 = 0. What is the remainder when m is divided by a?
14
Let m be 1/((-2)/(1 - 11)). Suppose -m*z + 4*y = -46, 2*z + 1 = 2*y + 21. Calculate the remainder when z is divided by 3.
0
Let d = -9 + 41. Calculate the remainder when d is divided by 17.
15
Suppose -q + 63 = 2*q. What is the remainder when q is divided by 8?
5
Let i(d) = -d**2 + 14. Let w be 0 + (40 - 0)/4. Let z = -6 + w. Calculate the remainder when i(0) is divided by z.
2
Suppose -u + 0*u - 17 = -3*r, 0 = -2*u + 5*r - 33. Let m = u + 39. Calculate the remainder when m is divided by 13.
12
Let p = -11 - -18. Let j(x) = -x**3 + 6*x**2 + 8*x + 6. Let n = 24 + 0. Calculate the remainder when n is divided by j(p).
11
Let b = -19 - -28. What is the remainder when b is divided by 4?
1
Let i = 4 + -9. Let n = i - -7. What is the remainder when 4 is divided by n?
0
Let w(d) = d**2 - d + 1. Calculate the remainder when 41 is divided by w(-4).
20
Suppose -101 = -5*g - z, -5*g = -g + 3*z - 83. Calculate the remainder when g is divided by 7.
6
Let j = -32 + 40. Calculate the remainder when 14 is divided by j.
6
Suppose q - 12 = -q + n, -4*n - 36 = -5*q. Suppose -5*p - 5*y + 57 = 7, 0 = 2*p - 3*y - 25. Calculate the remainder when p is divided by q.
3
Let o be 33/6 - 5/(-10). Suppose -o*n = -4*n - 10. Calculate the remainder when 9 is divided by n.
4
Let i be (-5 - -6)/(1/15). Suppose m + 2*j + 0*j = i, -3*m = -j - 66. Calculate the remainder when 81 is divided by m.
18
Let g = 1 - -2. Let u be 3 - (-6)/(-2) - -4. Suppose -3*h - 7 = u*l, 0*l + h + 3 = -l. Calculate the remainder when g is divided by l.
1
Let g(o) = o**3 + 2*o**2 - 4*o + 3. Let x(w) = -w**3 + 13*w**2 - 10*w - 17. Calculate the remainder when g(2) is divided by x(12).
4
Suppose 0 = -10*m + 15*m - 60. Calculate the remainder when m is divided by 7.
5
Let p = 17 + -21. Let b = 5 - p. Calculate the remainder when b is divided by 3.
0
Let w be (-22)/(-6) + (-8)/12. Calculate the remainder when ((-19)/(-3) - -1)*w is divided by 8.
6
Suppose -d - 6 = -21. Calculate the remainder when 43 is divided by d.
13
Suppose q - 18 + 1 = 0. Suppose -2*v = -11 - 9. Calculate the remainder when q is divided by v.
7
Let s = 10 + 1. Calculate the remainder when s is divided by 7.
4
Let c be ((-1)/(-1))/(2/(-6)). Let u = 5 - c. Suppose -3 - 19 = -j. What is the remainder when j is divided by u?
6
Let b = -227 - -366. Calculate the remainder when b is divided by 28.
27
Let r(z) = -z**3 - 4*z**2 - 6*z - 11. What is the remainder when r(-7) is divided by 36?
34
Let p = 1 - -1. Suppose -4*y + p = -3*y. Suppose 4*g + m - 46 - 45 = 0, -3*g = y*m - 67. Calculate the remainder when 67 is divided by g.
21
Let d(a) = 8*a. Let s be d(2). Let i = -5 - -33. Let v = i - s. Calculate the remainder when 35 is divided by v.
11
Suppose 0 = 4*u - 5*u + 3*z - 5, -2*u + 30 = 4*z. Suppose h = -0*h + 20. What is the remainder when h is divided by u?
6
Let o be 49/(-4) - 3/(-12). Suppose -2*s = -3*d + 111, 4*d - 6 = -4*s + 142. Let t = d + o. What is the remainder when t is divided by 13?
12
Let w(l) = l**2 + 5*l + 5. Let o(m) = -3 + 1 + 0 + m**2 - 2 + 2*m. Calculate the remainder when o(-7) is divided by w(-6).
9
Let r = -17 - -34. What is the remainder when r is divided by 5?
2
Let o(b) = -2*b**2 - 13*b - 6. Let t be o(-9). Let i = -28 - t. What is the remainder when 66 is divided by i?
20
Let k = 11 + -4. What is the remainder when k is divided by 5?
2
Let m be 12/(-9)*(0 + -42). Let h = -27 + m. What is the remainder when h is divided by 8?
5
Suppose 3*m + 7 = u + 4*m, -4*m + 4 = 0. Calculate the remainder when 21 is divided by u.
3
Let s = 5 + -6. Let o = s - -31. What is the remainder when o is divided by 8?
6
Suppose -d = -3*d + 20. Suppose y - 3*f + f = d, -f = -4*y + 26. Calculate the remainder when 10 is divided by y.
4
Suppose 4*d - 28 = -2*b, -2*b = 5*d - 8 - 25. Suppose 2 + 1 = 5*k - 3*n, 0 = -k - n + 7. What is the remainder when d is divided by k?
2
Let l = -89 - -198. What is the remainder when l is divided by 37?
35
Let u(s) = -24*s**2 - 6*s + 4. Let o(r) = -25*r**2 - 7*r + 5. Let i(d) = 5*o(d) - 6*u(d). What is the remainder when i(-1) is divided by 5?
4
What is the remainder when (-1082)/(-22) + (-4)/44*2 is divided by 25?
24
Let k be ((-2)/6)/(2/(-18)). Suppose 39 = 3*c - 2*c + n, -k*c = 5*n - 117. What is the remainder when c is divided by 10?
9
Let h(f) = f + 16. Let r(y) = 3*y + 3. Calculate the remainder when h(7) is divided by r(3).
11
Let a = 16 + -14. Suppose -a*w = 2 - 38. Calculate the remainder when 34 is divided by w.
16
Let o(x) = x**3 - 9*x**2 + 11*x + 1. What is the remainder when o(8) is divided by 11?
3
Let y(m) = -m**3 + 2*m**2 + m + 21. Calculate the remainder when y(0) is divided by 8.
5
Suppose 68 = -0*z + 4*z. Calculate the remainder when 48 is divided by z.
14
Suppose -6*y + 15 = -3*y. Suppose -t - y = -11. Suppose -o - 50 = -t*o. Calculate the remainder when 28 is divided by o.
8
Let z = 19 + -27. Let c(d) = -d**3 - 7*d**2 + 6*d - 7. What is the remainder when 16 is divided by c(z)?
7
Let l(f) = -f**3 - 36*f**2 - 36*f - 7. What is the remainder when l(-35) is divided by 6?
4
Suppose 155 = -15*s + 20*s. What is the remainder when s is divided by 8?
7
Suppose 0 = -2*x + 5*x - 5*g + 20, 5*x + 80 = -g. Suppose -s - 5*v - 19 = 3, 5*s + 6 = v. Calculate the remainder when 17 is divided by (-12)/x*(-15)/s.
5
Let t = 2 + 1. Suppose 0 = -s - t*n - 1, -6*s + 51 = -2*s + n. Let c = 21 - s. Calculate the remainder when c is divided by 3.
1
Let l = -10 + 7. What is the remainder when 97 is divided by 1 + 27 + 9/l?
22
Suppose 0 = 2*p + 4*d - 26, -4*p + 0*d + 28 = 2*d. Let k = 14 - 9. Suppose -4*f = -4*u - 20, k*f - 2*f + u = 31. What is the remainder when f is divided by p?
4
Let h(l) = -l**3 + l**2 + 2*l + 1. What is the remainder when 33 is divided by h(-2)?
6
Suppose -3*v + 14 = 4*o - v, 3*o - 30 = 5*v. Suppose -o*n + 3*n = -180. What is the remainder when n is divided by 23?
21
Suppose -75 = -5*w - 0*w. What is the remainder when w is divided by 6?
3
Suppose -4*h + 9*h + 30 = 0. Let b(x) = 2*x**2 + 5*x - 1. What is the remainder when b(h) is divided by 1 + -1 + -3 + 17?
13
Let w = 81 + -38. What is the remainder when w is divided by 11?
10
Suppose 5*g - 87 = 3. Calcul